4. What is the units digit of y?
1
Suppose 0 = 8*j - 4*j - 1944. What is the tens digit of j/18 - 2/1?
2
Let t be -16*2/(-8)*-2. Suppose -8*y + 4*y - 4*c - 16 = 0, -3*c - 13 = 2*y. What is the tens digit of 4 - y*t - 0?
1
Let w = 49 - 42. Suppose -w*d + 875 = -0*d. What is the tens digit of d?
2
Let y(m) = 3*m - 4. Suppose 2 = c, 5*c = 5*j - 4*j + 8. Suppose 55 = j*q + 3*q. What is the units digit of y(q)?
9
Let d(a) = 7*a**3 + 3*a**2 + 12. What is the tens digit of d(5)?
6
Let d = 159 + 368. What is the tens digit of d?
2
Suppose 0 = o + 5*b + 19, 3*o = -b + 6*b + 43. Let x be (-4)/14 - (-1656)/14. Suppose -o*m + 104 = -x. What is the tens digit of m?
3
Let i be 6/15 - (-23)/5. Suppose -3*n = -8*n - 4*a + 5, n = i*a + 30. Suppose -n*g + 10*g = 240. What is the units digit of g?
8
Let b be -1 + 18/(-3) - -2. Let g(d) = 2*d - 4. Let w be g(4). What is the units digit of w/(b/(-1*15))?
2
What is the thousands digit of (55/(-110))/(2/(-4316))?
1
Suppose -3*l - 148 + 538 = 0. Let m be (-3)/(-4) - (-96)/(-128). Suppose -u - 4*t = -43, m = -5*u - 4*t + t + l. What is the units digit of u?
3
Let b = 217 - 307. Let k = -34 - b. What is the units digit of k?
6
Let w(u) = -12 + u**2 - 5*u**2 + 5*u**2. Suppose 0 = -0*o + 2*o - 14. What is the units digit of w(o)?
7
Let j(a) = -111*a + 328. What is the thousands digit of j(-16)?
2
Let v(z) = -z**3 - 6*z**2 - 7*z - 3. Let y be v(-7). Suppose -3*h + 7 = -y. What is the tens digit of h?
3
Let b = -75 + 123. Suppose 0 = -5*t + 4*r - 3*r + 108, -2*r = 2*t - b. Let y = t + -17. What is the units digit of y?
5
Let b = 1085 - -795. What is the hundreds digit of b?
8
Let f(b) = 6*b + 20. Let h = 7 + 0. What is the units digit of f(h)?
2
Let a(x) = 12*x**2 - 8*x - 14. What is the hundreds digit of a(-7)?
6
Suppose 0*y = 2*y - 2. Let o(n) = 0 + n**2 + 7*n**2 - y. What is the units digit of o(1)?
7
Let n be -2*(-7)/(-4)*2. What is the tens digit of (-357)/n*(-6)/(-9)?
3
Let b(h) = 108*h + 3014. What is the thousands digit of b(0)?
3
Let g(h) = -109*h + 92. What is the units digit of g(-7)?
5
Let y(p) = -156*p + 48. What is the tens digit of y(-4)?
7
Let g = 2854 + 478. What is the hundreds digit of g?
3
Suppose d - 6*d = -205. Suppose 0 = 5*c - 19 - d. What is the tens digit of c?
1
Let w = -1 + 27. Let j = 70 - w. What is the tens digit of j?
4
Let g = 42 - -46. Suppose -g = 3*w - 4*w. What is the units digit of w?
8
Suppose -2*l = 7 - 1. What is the tens digit of l/2*236/(-6)?
5
Suppose -32 - 28 = -4*c. Let f be (-1)/((3/c)/(-1)). Suppose -23 = 4*w - 2*i - 73, f*w - 70 = 5*i. What is the units digit of w?
1
Let t = -6 + 10. Suppose -r + 330 = t*r. Suppose -17*u - r = -20*u. What is the tens digit of u?
2
Suppose -2*w + 8 = -3*a, 5 = -3*a + 17. Let p = 0 + -8. Let r = w + p. What is the units digit of r?
2
Let z(j) be the first derivative of -21*j**2/2 - j - 2. Let m(b) = 3*b - 27. Let c be m(8). What is the units digit of z(c)?
2
What is the units digit of (-15)/(-9)*32052/20?
1
Let j(z) = -37*z**3 - z**2 + 2*z + 2. Let x(d) = -d**3 - d. Let r(h) = -j(h) + 2*x(h). Let n be r(-3). What is the units digit of n/(-14) + 2/(-14)?
6
Suppose -7*d + 916 = -2738. What is the units digit of d?
2
Let x be ((-8)/(-5))/(4/10). Suppose 0*a + 8 = -x*a. Let h(i) = -12*i - 1. What is the tens digit of h(a)?
2
Let h = 52 - -464. What is the tens digit of h?
1
Let n = -559 - -596. What is the tens digit of n?
3
Let z(w) = 2*w + 10. Let d(f) = -f**2 + 8*f + 11. Let c be d(8). What is the tens digit of z(c)?
3
Let p = 116 - 13. Let l be 44/242 - (-1456)/(-22). Let c = p + l. What is the tens digit of c?
3
Suppose 2*w + 617 = -10*g + 11*g, 5*g - 4*w - 3073 = 0. What is the tens digit of g?
1
Let a = -3 - -8. Suppose -4*o + 5*n - 12 = 0, -a*n = o - 6*o - 10. Suppose o*k - 3 = 15. What is the units digit of k?
9
Suppose 8460 + 8590 = 25*t. What is the tens digit of t?
8
Let d(b) = -b**3 + 2*b**2 - 2*b - 4. Let s be d(4). Let r be (-1)/((-2)/s*2). Let v(h) = h**3 + 10*h**2 - 11*h + 14. What is the units digit of v(r)?
4
Suppose -4*m + 4 = -3*v - 3, 2 = 2*m - 2*v. Suppose -76 = -5*n - 3*d, 6*d - 3*d - 59 = -m*n. What is the units digit of n?
7
Let b = 395 + -42. What is the units digit of b?
3
Suppose -76241 = -46*j - 341. What is the units digit of j?
0
Suppose 3*o = -4*s + 231, 344 = 5*s + 2*o + 50. Suppose -28*m + s = -25*m. What is the tens digit of m?
2
Suppose 8350 = 5*h - 5*d, 0 = -4*h - 5*d + 10*d + 6684. What is the hundreds digit of h?
6
Suppose -l + 1092 - 39 = 0. Suppose 6 = -5*v + 21, 0 = 5*h - 4*v - l. What is the tens digit of h?
1
Suppose -n = -2*n + 2, -3*x - 4 = -5*n. Suppose 0 = -7*k + x*k + 400. Suppose -4*p = -0*p - k. What is the units digit of p?
0
Suppose -4*r + r + 345 = 0. Suppose -60 - r = -b. What is the tens digit of b?
7
Suppose -2*q = 2*v + 2, -3*v + 1 = -5*q - 7*v. Let l = 107 + -43. Suppose 0 = 4*g + 4*c - 232, 0*c - q*c + l = g. What is the units digit of g?
5
Let v be (3 + -3)/(-3) + 175. Suppose 5*z + v = -0*a + 3*a, -3*z - 5*a = 71. Let q = z + 49. What is the units digit of q?
7
Suppose -4*a = -a + k - 884, -a + 2*k = -304. What is the units digit of a?
6
Let u be 2/(-9) - (4/(-9))/2. What is the tens digit of (46/1)/(u - -2)?
2
Let t be -42*5/((-15)/2). Let c = t + -26. Suppose 0 = c*z - 4 - 18. What is the units digit of z?
1
Suppose -5 = 4*i - z, -5*i + 5*z = 3 - 8. What is the units digit of (10 - -4) + 0 + i?
2
Suppose 2*q + 5 = -5, 5*g = -3*q + 665. What is the tens digit of g?
3
Suppose 4*n = 69*o - 64*o + 4755, -3 = o. What is the units digit of n?
5
Let r(p) = -3*p + 12*p**2 + 0*p**3 - 4*p**2 + 2*p**3 + 4 - 4*p**2. What is the tens digit of r(3)?
8
Suppose -3*x = 4*g - 77, -5*x + 105 = -3*g - 2*g. Let n = 565 + -563. What is the units digit of (-4 - -4*n) + x?
7
Suppose -5*z - 4*t = -7993, z = -2*t - 3*t + 1607. What is the tens digit of z?
9
Let l = 123 - 88. Suppose -7*q + 2*q - l = 3*v, -4*q = -5*v - 9. Let i = 5 + q. What is the units digit of i?
1
Suppose -1012 = 2*w - y, 2*w - 3*y + 0*y + 1008 = 0. What is the units digit of -2*1/(6/w)?
9
Suppose -64*z + 76820 = -18*z. What is the hundreds digit of z?
6
What is the units digit of ((-2316)/(-16))/((-6)/(-20))*2?
5
Let a(v) = v**2 - 2*v. Let s(k) = -k + 10. Let h be s(7). Let m be a(h). Suppose -m*n + 37 = -137. What is the units digit of n?
8
Suppose 0 = 4*b + 3*f - 2016, -16*f = 5*b - 18*f - 2543. What is the hundreds digit of b?
5
What is the units digit of 3289/4 - (1/4 - 0)?
2
Suppose 5*k - 7335 = -15*t + 12*t, -20 = 4*t. What is the units digit of k?
0
Let y(t) = 4*t**2 + 8*t - 16. What is the tens digit of y(9)?
8
Let j(m) = m - 1. Let s be j(5). What is the tens digit of s/(-6) + (3 - 574/(-6))?
9
Let x(d) = -5*d. Let a(m) = -m. Let w(v) = v**2 - 11*v - 16. Let z be w(12). Let y(b) = z*a(b) + x(b). What is the units digit of y(-8)?
8
Let u(h) = -29*h - 599. What is the hundreds digit of u(-55)?
9
Suppose -4*h + 3*q + 859 = 0, 5*h = 2*h + 4*q + 653. What is the hundreds digit of h?
2
Suppose x - 90 = -5*n, -x = -5*n - 0*x + 90. What is the units digit of (1248/n)/(4/6)?
4
Suppose 0 = -3*f - 5*q + 19, 4*f - 5*q = -f + 5. Suppose 3*y - 3*x - 2*x = 136, -f*y = -4*x - 131. What is the units digit of y?
7
Let b(n) = 18*n**2 - 7*n - 5*n**2 - 3 + 19 + n**3. What is the units digit of b(-13)?
7
Suppose -j = 5*g + 2*j - 25, -20 = -4*g + j. Let l be 9 - 12 - g/(-1). Let m = l + 45. What is the units digit of m?
7
What is the thousands digit of -4 + (-3)/(-1) - -4029?
4
Let z be -2 + 3 - (-1 + -1). Suppose z*f = 28 + 47. Suppose 0 = -2*b + b + f. What is the units digit of b?
5
Let q(k) = 134*k - 148. What is the units digit of q(3)?
4
Suppose 5*a + 4*a - 54 = 0. Let q be ((-3)/2)/((-6)/16). What is the units digit of a/12 - (-2)/q?
1
Suppose -6*p = -9*p + 6. Suppose p*o = s - 93 + 20, -3*o = -4*s + 272. What is the units digit of s?
5
What is the thousands digit of (-19833)/(-4) - (-22)/(1320/(-75))?
4
Let j = -1636 + 3773. What is the tens digit of j?
3
Suppose 3*m - 2*m = -4*s + 1, -2*s + 23 = 5*m. What is the units digit of (-4 + 11 - s)*(1 - -3)?
2
Let f = 9767 + -6835. What is the units digit of f?
2
Suppose 2*n - 5*x = 2191, 0 = -5*n + 2*x - 0*x + 5530. What is the units digit of n?
8
Let o be 9/12*16/6. Let f be (3/(-6)*o)/(-1). Le